{"id":85,"date":"2018-09-18T14:03:19","date_gmt":"2018-09-18T14:03:19","guid":{"rendered":"http:\/\/milchdata.ch\/?page_id=85"},"modified":"2026-02-20T17:29:01","modified_gmt":"2026-02-20T16:29:01","slug":"milchannahme","status":"publish","type":"page","link":"https:\/\/milchdata.ch\/?page_id=85","title":{"rendered":"MilchAnnahme"},"content":{"rendered":"<h1>Milchannahme- System und Software<\/h1>\n<p>Die Milchannahme bildet ein komplexen Milchannahme- Prozess ab. Es gibt verschiedene Arten von Milchannahme- Systemen aber nur zwei System f\u00fcr die Erfassung der angelieferten Milchmenge. Es gibt Waagen und Durchlaufz\u00e4hler. Beide System m\u00fcssen geeicht und METAS-Cert gerp\u00fcft sein, damit eine offizielle und g\u00fcltige Erfassung der angelieferten Milchmenge rechltich verbindlich ist und seine G\u00fcltigkeit hat. Beide Systeme m\u00fcssen j\u00e4hrlich von den Eichmeistern des jeweiligen Kantons \u00fcberpr\u00fcft werden.<\/p>\n<p>Die Firma Informatik Kaufmann hat zusammen mit Vogel Engineering AG und Hosteller AG bereits verschiedene Milchannahmen realisiert.<\/p>\n<p>&nbsp;<\/p>\n<h2>Milchwaage<\/h2>\n<p>Eine Milchwaage kann sehr verschieden aussehen, je nach Bedarf und Platz wird sie spezielle entworfen und gebaut. Am h\u00e4ufigsten gibt es die Ausf\u00fchrung mit einem Wiegetank oben und einem Zwischentank (Stappeltank) mit mindestens der doppelten Kapazit\u00e4t wie der Wiegetank.<\/p>\n<p>Hier einige M\u00f6glichkeiten:<\/p>\n<p><img loading=\"lazy\" decoding=\"async\" class=\"alignnone size-medium wp-image-218\" src=\"https:\/\/milchdata.ch\/wp-content\/uploads\/2026\/02\/9949ABC0-ED92-4D3B-B4A3-D4194549BD94-225x300.jpg\" alt=\"\" width=\"225\" height=\"300\" \/> <img decoding=\"async\" class=\"alignnone size-full wp-image-220\" src=\"https:\/\/milchdata.ch\/wp-content\/uploads\/2026\/02\/IMG_4515.heic\" alt=\"\" \/><img loading=\"lazy\" decoding=\"async\" class=\"alignnone size-medium wp-image-222\" src=\"https:\/\/milchdata.ch\/wp-content\/uploads\/2026\/02\/IMG_4515-225x300.jpg\" alt=\"\" width=\"225\" height=\"300\" srcset=\"https:\/\/milchdata.ch\/wp-content\/uploads\/2026\/02\/IMG_4515-225x300.jpg 225w, https:\/\/milchdata.ch\/wp-content\/uploads\/2026\/02\/IMG_4515-768x1024.jpg 768w, https:\/\/milchdata.ch\/wp-content\/uploads\/2026\/02\/IMG_4515-1152x1536.jpg 1152w, https:\/\/milchdata.ch\/wp-content\/uploads\/2026\/02\/IMG_4515-1536x2048.jpg 1536w, https:\/\/milchdata.ch\/wp-content\/uploads\/2026\/02\/IMG_4515-1024x1365.jpg 1024w, https:\/\/milchdata.ch\/wp-content\/uploads\/2026\/02\/IMG_4515-810x1080.jpg 810w, https:\/\/milchdata.ch\/wp-content\/uploads\/2026\/02\/IMG_4515-scaled.jpg 1920w\" sizes=\"auto, (max-width: 225px) 100vw, 225px\" \/> <img loading=\"lazy\" decoding=\"async\" class=\"alignnone size-medium wp-image-223\" src=\"https:\/\/milchdata.ch\/wp-content\/uploads\/2026\/02\/IMG_4866-225x300.jpg\" alt=\"\" width=\"225\" height=\"300\" srcset=\"https:\/\/milchdata.ch\/wp-content\/uploads\/2026\/02\/IMG_4866-225x300.jpg 225w, https:\/\/milchdata.ch\/wp-content\/uploads\/2026\/02\/IMG_4866-768x1024.jpg 768w, https:\/\/milchdata.ch\/wp-content\/uploads\/2026\/02\/IMG_4866-1152x1536.jpg 1152w, https:\/\/milchdata.ch\/wp-content\/uploads\/2026\/02\/IMG_4866-1536x2048.jpg 1536w, https:\/\/milchdata.ch\/wp-content\/uploads\/2026\/02\/IMG_4866-1024x1365.jpg 1024w, https:\/\/milchdata.ch\/wp-content\/uploads\/2026\/02\/IMG_4866-810x1080.jpg 810w, https:\/\/milchdata.ch\/wp-content\/uploads\/2026\/02\/IMG_4866-scaled.jpg 1920w\" sizes=\"auto, (max-width: 225px) 100vw, 225px\" \/> <img loading=\"lazy\" decoding=\"async\" class=\"alignnone size-medium wp-image-224\" src=\"https:\/\/milchdata.ch\/wp-content\/uploads\/2026\/02\/IMG_3289-Kopie-225x300.jpg\" alt=\"\" width=\"225\" height=\"300\" srcset=\"https:\/\/milchdata.ch\/wp-content\/uploads\/2026\/02\/IMG_3289-Kopie-225x300.jpg 225w, https:\/\/milchdata.ch\/wp-content\/uploads\/2026\/02\/IMG_3289-Kopie-768x1024.jpg 768w, https:\/\/milchdata.ch\/wp-content\/uploads\/2026\/02\/IMG_3289-Kopie-1152x1536.jpg 1152w, https:\/\/milchdata.ch\/wp-content\/uploads\/2026\/02\/IMG_3289-Kopie-1536x2048.jpg 1536w, https:\/\/milchdata.ch\/wp-content\/uploads\/2026\/02\/IMG_3289-Kopie-1024x1365.jpg 1024w, https:\/\/milchdata.ch\/wp-content\/uploads\/2026\/02\/IMG_3289-Kopie-810x1080.jpg 810w, https:\/\/milchdata.ch\/wp-content\/uploads\/2026\/02\/IMG_3289-Kopie-scaled.jpg 1920w\" sizes=\"auto, (max-width: 225px) 100vw, 225px\" \/><\/p>\n<p>Bei den Milchwaagen gibt es verschieden Kapazit\u00e4ten, je nach Bedarf kann der Wiegetank zwischen 200 bis 1000 Kg oder mehr gew\u00e4hlt werden. Der Stappeltank sollte dem entsprechend doppelt so gross Dimensioniert werden. Dies hat den Vorteil, dass der Milchannahme- Prozess speditiv abl\u00e4uft.<\/p>\n<p>&nbsp;<\/p>\n<h2><img decoding=\"async\" class=\"alignnone size-full wp-image-220\" src=\"https:\/\/milchdata.ch\/wp-content\/uploads\/2026\/02\/IMG_4515.heic\" alt=\"\" \/>Milchwaage (Tank)<\/h2>\n<p>Es gibt auch die M\u00f6glichkeit einen kompletten Tankbeh\u00e4lter auf die Waage zu stellen. Diese Variante ist gut geeignet f\u00fcr Milchsammelstellen, welche die Milch nicht selber verwerten. auch denkbar ist, dass eine K\u00e4serei die Milchannahme in einem Tank sammeln m\u00f6chte, bevor sie weiterverarbeitet wird.<\/p>\n<p>Hier eine M\u00f6glichkeit:<\/p>\n<p><img loading=\"lazy\" decoding=\"async\" class=\"alignnone size-medium wp-image-225\" src=\"https:\/\/milchdata.ch\/wp-content\/uploads\/2026\/02\/IMG_0654-300x169.jpg\" alt=\"\" width=\"300\" height=\"169\" srcset=\"https:\/\/milchdata.ch\/wp-content\/uploads\/2026\/02\/IMG_0654-300x169.jpg 300w, https:\/\/milchdata.ch\/wp-content\/uploads\/2026\/02\/IMG_0654-1024x575.jpg 1024w, https:\/\/milchdata.ch\/wp-content\/uploads\/2026\/02\/IMG_0654-768x431.jpg 768w, https:\/\/milchdata.ch\/wp-content\/uploads\/2026\/02\/IMG_0654-1536x863.jpg 1536w, https:\/\/milchdata.ch\/wp-content\/uploads\/2026\/02\/IMG_0654-2048x1150.jpg 2048w, https:\/\/milchdata.ch\/wp-content\/uploads\/2026\/02\/IMG_0654-1920x1080.jpg 1920w\" sizes=\"auto, (max-width: 300px) 100vw, 300px\" \/><\/p>\n<p>Dieser Tank umfasst 6&#8217;000 Liter Milch.<\/p>\n<p>&nbsp;<\/p>\n<h2>Milchannahme mit Durchflussmessanlage<\/h2>\n<p>Der Durchflussz\u00e4hlker hat den Vorteil, dass die angelieferte Milch in Schritt abgepumpt werden kann ohne Unterbr\u00fcche, sofern der Milchtank diese Kapazit\u00e4t aufnehmen kann. Diese Milchannahme eignet sich sehr gut, wenn die Produzenten die Milch mit Milchtank&#8217;s anliefern. Bei Anlieferung der Milch mit Milchkannen, kann es zu unterbr\u00fcchen kommen, je nachdem wie schnell der Wechsel vom Ansaugrohr in die n\u00e4chste Milchkanne ist.<\/p>\n<p>Die Durchflussanlage kann im inneren der K\u00e4serei sein oder ausserhalb der K\u00e4serei in einem gesch\u00fctzen Schrank.<\/p>\n<p>Hier einige Beispiele:<\/p>\n<p><img loading=\"lazy\" decoding=\"async\" class=\"alignnone size-medium wp-image-227\" src=\"https:\/\/milchdata.ch\/wp-content\/uploads\/2026\/02\/IMG_3542-300x225.jpg\" alt=\"\" width=\"300\" height=\"225\" srcset=\"https:\/\/milchdata.ch\/wp-content\/uploads\/2026\/02\/IMG_3542-300x225.jpg 300w, https:\/\/milchdata.ch\/wp-content\/uploads\/2026\/02\/IMG_3542-1024x768.jpg 1024w, https:\/\/milchdata.ch\/wp-content\/uploads\/2026\/02\/IMG_3542-768x576.jpg 768w, https:\/\/milchdata.ch\/wp-content\/uploads\/2026\/02\/IMG_3542-1536x1152.jpg 1536w, https:\/\/milchdata.ch\/wp-content\/uploads\/2026\/02\/IMG_3542-2048x1536.jpg 2048w, https:\/\/milchdata.ch\/wp-content\/uploads\/2026\/02\/IMG_3542-1440x1080.jpg 1440w\" sizes=\"auto, (max-width: 300px) 100vw, 300px\" \/> <img loading=\"lazy\" decoding=\"async\" class=\"alignnone size-medium wp-image-228\" src=\"https:\/\/milchdata.ch\/wp-content\/uploads\/2026\/02\/IMG_3627-300x225.jpg\" alt=\"\" width=\"300\" height=\"225\" srcset=\"https:\/\/milchdata.ch\/wp-content\/uploads\/2026\/02\/IMG_3627-300x225.jpg 300w, https:\/\/milchdata.ch\/wp-content\/uploads\/2026\/02\/IMG_3627-1024x768.jpg 1024w, https:\/\/milchdata.ch\/wp-content\/uploads\/2026\/02\/IMG_3627-768x576.jpg 768w, https:\/\/milchdata.ch\/wp-content\/uploads\/2026\/02\/IMG_3627-1536x1152.jpg 1536w, https:\/\/milchdata.ch\/wp-content\/uploads\/2026\/02\/IMG_3627-2048x1536.jpg 2048w, https:\/\/milchdata.ch\/wp-content\/uploads\/2026\/02\/IMG_3627-1440x1080.jpg 1440w\" sizes=\"auto, (max-width: 300px) 100vw, 300px\" \/><\/p>\n<p>&nbsp;<\/p>\n<h2>Milchannahme- Software<\/h2>\n<p>Die Milchannahme- Software erfasst die angelieferte Milchmenge pro Produzent und ist sehr vielseitig in der Funktionalit\u00e4t. In der Regel wird dazu ein Industrie- Touchpanel- PC (IP69k) mit Inoxgeh\u00e4use f\u00fcr die Lebensmittelbrachne verwendet. Das Betriebssystem ist Windows 10\/11 IoT.<\/p>\n<p>Das Bedienterminal kann in der K\u00e4serei oder im Aussenbereich montiert werden. Durch den Schutz von IP69k und des speziellen Displays gegen Sonnenschutz eignet es sich sehr gut im Aussenbereich. Die Anwendung ist verschieden, einige K\u00e4serei bedienen das Terminal von Innen und haben im Aussenbereich eine LED- Anzeige f\u00fcr die Produzenten, andere K\u00e4serein haben das Terminal im Aussenbereich, weil die Produzenten den Milchannahme- Prozess selber starten k\u00f6nnen.<\/p>\n<p>Unsere Milchannahme- Software hat auch verschieden Schnittstelle wie z.B. direkten Datenlink die Milchabrechnungs- Software &#8222;MilchData&#8220;. Sie kann aber auch am Ende des Monats die erfassten Milchmengen in einem CSV- Datei per E-Mail versenden oder exportieren auf einen USB-Stick.<\/p>\n<p>&nbsp;<\/p>\n<h2>Automatische Proben- Entnahme<\/h2>\n<p>Je nach Anlagenkonstellation ist es auch m\u00f6glich eine automatische Proben- Entnahme im Milchannahme- Prozess zu integrieren. Es gibt verschiedene System f\u00fcr die Proben- Entnahme. Am bew\u00e4hrtesten hat sich ein Drehteller mit verschiedenen Positionen, damit zum Beispiel die Abend- und Morgenprobe im gleichen Probenfl\u00e4schen Platz haben.<\/p>\n<div style=\"width: 768px;\" class=\"wp-video\"><video class=\"wp-video-shortcode\" id=\"video-85-1\" width=\"768\" height=\"432\" preload=\"metadata\" controls=\"controls\"><source type=\"video\/mp4\" src=\"https:\/\/milchdata.ch\/wp-content\/uploads\/2026\/02\/Mammishaus_Milchannahme.mp4?_=1\" \/><a href=\"https:\/\/milchdata.ch\/wp-content\/uploads\/2026\/02\/Mammishaus_Milchannahme.mp4\">https:\/\/milchdata.ch\/wp-content\/uploads\/2026\/02\/Mammishaus_Milchannahme.mp4<\/a><\/video><\/div>\n<p>&nbsp;<\/p>\n<p>F\u00fcr mehr Informationen <a href=\"https:\/\/milchdata.ch\/?page_id=124\">kontaktieren<\/a> Sie uns, wir beraten Sie gerne<\/p>\n","protected":false},"excerpt":{"rendered":"<p>Milchannahme- System und Software Die Milchannahme bildet ein komplexen Milchannahme- Prozess ab. Es gibt verschiedene Arten von Milchannahme- Systemen aber nur zwei System f\u00fcr die Erfassung der angelieferten Milchmenge. Es gibt Waagen und Durchlaufz\u00e4hler. Beide System m\u00fcssen geeicht und METAS-Cert gerp\u00fcft sein, damit eine offizielle und g\u00fcltige Erfassung der angelieferten Milchmenge rechltich verbindlich ist und&hellip; <br \/> <a class=\"read-more\" href=\"https:\/\/milchdata.ch\/?page_id=85\">Weiterlesen<\/a><\/p>\n","protected":false},"author":1,"featured_media":234,"parent":0,"menu_order":0,"comment_status":"closed","ping_status":"closed","template":"","meta":{"footnotes":""},"class_list":["post-85","page","type-page","status-publish","has-post-thumbnail","hentry"],"_links":{"self":[{"href":"https:\/\/milchdata.ch\/index.php?rest_route=\/wp\/v2\/pages\/85","targetHints":{"allow":["GET"]}}],"collection":[{"href":"https:\/\/milchdata.ch\/index.php?rest_route=\/wp\/v2\/pages"}],"about":[{"href":"https:\/\/milchdata.ch\/index.php?rest_route=\/wp\/v2\/types\/page"}],"author":[{"embeddable":true,"href":"https:\/\/milchdata.ch\/index.php?rest_route=\/wp\/v2\/users\/1"}],"replies":[{"embeddable":true,"href":"https:\/\/milchdata.ch\/index.php?rest_route=%2Fwp%2Fv2%2Fcomments&post=85"}],"version-history":[{"count":4,"href":"https:\/\/milchdata.ch\/index.php?rest_route=\/wp\/v2\/pages\/85\/revisions"}],"predecessor-version":[{"id":235,"href":"https:\/\/milchdata.ch\/index.php?rest_route=\/wp\/v2\/pages\/85\/revisions\/235"}],"wp:featuredmedia":[{"embeddable":true,"href":"https:\/\/milchdata.ch\/index.php?rest_route=\/wp\/v2\/media\/234"}],"wp:attachment":[{"href":"https:\/\/milchdata.ch\/index.php?rest_route=%2Fwp%2Fv2%2Fmedia&parent=85"}],"curies":[{"name":"wp","href":"https:\/\/api.w.org\/{rel}","templated":true}]}}